7.
183
Calculate the highest common factor of 181886 and 97341.
457
Calculate the highest common factor of 17745636 and 1308.
1308
Calculate the greatest common divisor of 7 and 49753949.
7
What is the greatest common divisor of 9897212 and 39?
13
What is the greatest common factor of 101451 and 4011?
21
What is the greatest common divisor of 5166852 and 60?
12
What is the greatest common factor of 18 and 34835274?
18
What is the highest common factor of 224 and 780752?
112
What is the highest common divisor of 70956 and 585360?
108
What is the greatest common divisor of 54 and 314694858?
6
What is the greatest common factor of 54136260 and 180?
180
Calculate the greatest common factor of 663036645 and 981.
327
What is the greatest common factor of 281 and 170884249?
281
Calculate the greatest common divisor of 108743696 and 136.
136
Calculate the highest common factor of 39546552 and 3384.
1128
Calculate the highest common factor of 32942 and 1227499.
91
Calculate the highest common factor of 1833864 and 7998.
258
Calculate the highest common factor of 33288 and 9944562.
114
Calculate the greatest common factor of 6756 and 123636.
12
Calculate the highest common divisor of 2625 and 2801925.
525
What is the highest common factor of 12265100 and 20?
20
Calculate the greatest common divisor of 3927045300 and 230.
230
Calculate the greatest common divisor of 777 and 26129067.
111
Calculate the greatest common factor of 2352 and 252356664.
1176
What is the greatest common factor of 390 and 1112904?
78
What is the highest common divisor of 60390 and 340258?
122
What is the greatest common divisor of 242913 and 3821532?
561
What is the highest common divisor of 325 and 13640952?
13
What is the greatest common factor of 6192 and 8824976?
688
What is the highest common factor of 8991385 and 6409?
221
What is the greatest common divisor of 845170179 and 417?
417
Calculate the greatest common factor of 4255677 and 2223.
171
What is the greatest common divisor of 37928 and 321526?
862
What is the greatest common divisor of 494155 and 65550?
115
Calculate the greatest common factor of 6884625 and 5379.
33
What is the highest common factor of 255 and 12022995?
255
What is the highest common factor of 803745 and 315?
45
Calculate the highest common divisor of 15 and 24534285.
15
Calculate the highest common divisor of 343413 and 42423.
237
Calculate the highest common factor of 2084181216 and 1248.
1248
What is the greatest common factor of 113615424 and 6?
6
What is the highest common factor of 1400 and 6409725?
175
What is the highest common divisor of 25 and 5270255?
5
Calculate the highest common factor of 4349100 and 17955.
1995
What is the greatest common factor of 18168269 and 29093?
619
Calculate the greatest common divisor of 4247 and 2431065.
137
What is the greatest common divisor of 33723105 and 2385?
795
Calculate the highest common divisor of 38 and 2760586.
38
Calculate the greatest common factor of 25936 and 59010884.
6484
Calculate the highest common divisor of 7059 and 2086387.
181
What is the highest common factor of 2766810 and 3645?
15
Calculate the greatest common divisor of 93120 and 4057995.
1455
Calculate the greatest common factor of 522 and 249529746.
174
Calculate the greatest common divisor of 18847 and 71769.
47
Calculate the highest common factor of 3320 and 32153040.
40
What is the highest common factor of 7192 and 18589832?
248
What is the highest common factor of 22227500 and 125?
125
What is the greatest common factor of 22883 and 771113?
49
Calculate the highest common factor of 340540 and 29460.
20
Calculate the highest common divisor of 21580 and 1264920.
1660
Calculate the greatest common divisor of 22657052 and 7084.
44
Calculate the highest common divisor of 15122575 and 130.
65
What is the greatest common factor of 5101333 and 7775?
311
What is the greatest common factor of 2163 and 407701?
7
Calculate the highest common factor of 66 and 601715532.
66
What is the greatest common divisor of 59061398 and 374?
22
Calculate the greatest common factor of 1499781632 and 32.
32
What is the greatest common divisor of 5724473 and 964?
241
What is the greatest common divisor of 688064 and 22759867?
10751
Calculate the greatest common divisor of 2940 and 53606140.
140
What is the highest common factor of 332350 and 4068355?
1955
What is the highest common factor of 137 and 50808916?
137
What is the greatest common divisor of 311026 and 808?
2
What is the highest common factor of 1182 and 166399596?
1182
What is the greatest common divisor of 1166906 and 27898?
962
What is the greatest common divisor of 4361 and 827071?
49
Calculate the highest common divisor of 32320368 and 216.
72
Calculate the greatest common divisor of 102 and 56801998.
34
What is the highest common factor of 3828 and 53658?
66
Calculate the highest common divisor of 798372 and 20191.
331
What is the highest common divisor of 252 and 747418?
14
What is the highest common divisor of 783675 and 4617?
243
What is the highest common divisor of 4717 and 5511147?
89
What is the highest common factor of 140673 and 4004?
13
What is the highest common divisor of 40273 and 3416098?
2369
What is the highest common factor of 99746 and 2045734?
1882
What is the highest common factor of 870 and 474603?
3
Calculate the highest common factor of 443737711 and 123.
41
Calculate the greatest common factor of 136025396 and 248.
124
Calculate the highest common factor of 231908047 and 7.
7
What is the highest common factor of 68 and 3160045?
17
Calculate the greatest common divisor of 49095 and 5490.
45
Calculate the highest common factor of 58140 and 2506752.
612
What is the highest common factor of 168 and 279703256?
56
What is the highest common factor of 13632875 and 775?
25
What is the greatest common divisor of 24 and 3564204?
12
Calculate the highest common divisor of 178033 and 1116.
31
What is the highest common divisor of 5505633 and 115381?
2177
Calculate the highest common divisor of 3894 and 594291896.
1298
What is the highest common factor of 13707764 and 1264?
316
What is the highest common divisor of 2846451 and 10137?
93
Calculate the greatest common factor of 53106513 and 9.
3
What is the highest common divisor of 39312 and 3241728?
3024
Calculate the highest common factor of 3475 and 196525.
25
Calculate the highest common divisor of 374 and 47227003.
17
What is the greatest common divisor of 375379 and 2976?
31
What is the greatest common divisor of 1097782 and 48070?
38
What is the greatest common divisor of 13129 and 2371219?
19
Calculate the greatest common divisor of 540319 and 2276976.
1157
What is the highest common factor of 524226933 and 233?
233
Calculate the greatest common divisor of 2868647 and 3782.
1891
Calculate the greatest common divisor of 106 and 69857551.
53
What is the greatest common factor of 307665 and 3600?
45
What is the greatest common factor of 5210 and 2826946?
1042
Calculate the greatest common factor of 15306970 and 855.
95
What is the highest common factor of 1977173 and 11?
11
Calculate the highest common divisor of 39 and 1877678478.
39
Calculate the highest common factor of 6854 and 4936966.
298
What is the greatest common factor of 116369 and 147947315?
10579
Calculate the highest common factor of 4940 and 2072980.
260
Calculate the highest common factor of 88224125 and 7125.
2375
Calculate the greatest common factor of 627 and 28074717.
33
What is the highest common factor of 3296 and 364373624?
824
What is the greatest common divisor of 3649 and 14544825?
89
What is the highest common divisor of 1086 and 203604004?
362
What is the highest common divisor of 1084 and 15125052?
1084
Calculate the highest common factor of 322 and 2319527.
161
What is the highest common divisor of 177723 and 378417?
1209
Calculate the greatest common factor of 48484 and 64199072.
1564
What is the greatest common divisor of 1265 and 256701643?
253
What is the highest common factor of 174 and 562512?
6
What is the greatest common divisor of 9254 and 375522?
14
Calculate the greatest common factor of 2656 and 153356776.
664
Calculate the highest common factor of 6 and 8949453.
3
What is the highest common factor of 53979814 and 3730?
746
Ca